((-116)/(-27318)). Calculate the greatest common divisor of x and 4495.
155
Suppose 0 = -25*s + 24*s - 5. Let f be ((-12)/16)/((-4)/16) - s. Suppose v + 5*g = -12, -3*g - 23 + f = 0. Calculate the highest common divisor of v and 1.
1
Let b = 291 + 276. Let n = -119074 + 119081. Calculate the greatest common divisor of n and b.
7
Let w = 9315 + -9133. What is the greatest common factor of 350 and w?
14
Let f(z) = 5*z + 226. Let k be f(-31). Suppose -4*d - 216 = -5*v, -4*v = -d - 93 - k. What is the highest common factor of v and 90?
10
Suppose -3*i + 195 - 213 = 0. Let x(h) = 11*h**2 - 11*h - 18. Let t be x(i). Calculate the highest common factor of t and 36.
12
Let u = -4814 - -4857. Calculate the highest common divisor of 13631 and u.
43
Suppose 90*i + 4 = 89*i - 3*r, -5*i + 75 = -4*r. What is the greatest common factor of i and 5489?
11
Suppose 1216 = 195*v - 43*v. Calculate the greatest common divisor of v and 1316.
4
Suppose -10*f + 33 + 117 = 0. Suppose -f = -27*d + 24*d. Suppose d*h = 5*t + 70, 4 + 15 = h + 4*t. What is the highest common divisor of h and 60?
15
Suppose 2*m = -3*d + 81, -38*m + 39*m + d = 41. What is the highest common divisor of m and 742?
14
Let j = -157 - -160. Suppose 0 = 5*t + d - 56, -2*t + j*d = -3*t. Calculate the greatest common divisor of 28 and t.
4
Let q(f) = f**3 - 195*f**2 + 1953*f - 13. Let k be q(10). What is the greatest common factor of k and 18?
9
Let z(o) = -7 - 7032*o**2 + 3*o + 7035*o**2 - 4 + 3*o. Let x be z(2). Let i = -5 + 31. What is the greatest common factor of x and i?
13
Let b(p) = 5*p**2 + 2*p - 1. Let m be b(1). Suppose m*a = 10*a + 16. Let i be 195/2 + (-2)/a. What is the highest common factor of i and 14?
14
Let y be (12/(-10))/((-27)/720). Suppose -j + 3*d + 20 = -2*d, -4*d + y = 4*j. Suppose 12*u - j*u - 10 = 0. What is the greatest common factor of 55 and u?
5
Suppose -14*j + 19*j = -5*q + 520, -4*q - 109 = -j. Let n be 7 + -9 - (-34)/2. Suppose -n*d + 10*d + 75 = 0. What is the greatest common factor of d and j?
15
Suppose -4*m + 6*m - 6 = 0. Suppose -6*n = -5*n - 13. Suppose -3*f + 19 = n. Calculate the greatest common factor of m and f.
1
Let l be (-80)/140 - (-7072772)/196. Calculate the greatest common factor of 70 and l.
35
Let w be -13 - (-1438 + (-24)/(-3)). What is the greatest common factor of w and 39?
13
Let a = 9058 + -8786. What is the greatest common factor of a and 4488?
136
Let k(d) = -247*d + 328. Let z be k(5). Let h = -742 - z. What is the highest common factor of h and 30?
15
Let o = 76883 - 76837. Let t = 27 - 4. What is the greatest common divisor of t and o?
23
Let y = -41 + 48. Suppose 0 = -2*p + y + 71. Calculate the highest common factor of p and 312.
39
Suppose 0 = 5*p - 5*t - 1190, 21*p - 710 = 18*p + 5*t. What is the greatest common divisor of p and 1320?
120
Suppose -11*x + 8 = -102. Let s(f) = 12*f - 93. Let c be s(x). What is the highest common divisor of 135 and c?
27
Suppose 0 = 72*t - 52*t - 9900. Let l = -68 - -203. Suppose -2*w = w - l. Calculate the highest common factor of t and w.
45
Suppose -3*s = -4*t - 4241, -3*t = -s + 1475 - 58. What is the highest common divisor of 17 and s?
17
Let i be (-310)/(-12) + (-2 - (-65)/30). Let j = 22 - i. Let c be 13/j*(-64)/16. What is the greatest common factor of 78 and c?
13
Let o(n) = -14*n - 30. Let b be o(-4). Suppose b = 9*d - 1. Calculate the highest common factor of d and 24.
3
Suppose 0 = s - 19 + 16. Suppose 0 = 2*a + 2*v - 102, -3*a + s*v + 10 = -149. Suppose -d - 3*d + 312 = 0. Calculate the highest common divisor of d and a.
26
Suppose 5*r + 95 = -5*l + 2880, -2*l + 4 = 0. What is the highest common divisor of r and 15?
15
Suppose 0 = 80*p - 2992 + 592. Calculate the greatest common factor of 120 and p.
30
Suppose 18*r + 6 = 21*r - q, -4*r + 5*q = -8. Let b be (5/(-2))/(6/(-24)). Let u = b - 5. What is the greatest common factor of u and r?
1
Let f be (-1032)/(-301)*(99 - -6). What is the greatest common divisor of f and 117?
9
Suppose 0 = 5*k + 5, -48 + 36 = -5*m + 2*k. Calculate the greatest common divisor of 827 and m.
1
Suppose 728 = 4*p + 3*g, 943 = 4*p + g + 207. Let h = p - 60. Let a = 3386 + -3361. What is the highest common factor of a and h?
25
Let f = 5 - 1. Suppose -f*v = -199 + 55. Let r be (40/90)/(-2) + (-4 - 4240/(-45)). Calculate the highest common factor of r and v.
18
Let m(b) = -b**3 - 6*b**2 - 7*b - 6. Let j be m(-4). Let x be 140/8*8/j. Let q be (12/x)/((-26)/3458). Calculate the greatest common factor of q and 76.
38
Let n = 616 + -567. Let h = 4 + 1. Let s = n + h. Calculate the greatest common factor of s and 81.
27
Suppose 1104 = 5*i - 13*o + 10*o, -i + 3*o + 216 = 0. Suppose 0 = -s - i + 574. Calculate the greatest common factor of s and 44.
44
Let s = -15 - -20. Suppose 0 = s*a + q - 3*q - 74, -4*q = 8. Let d(z) = 27*z + 2. Let r be d(2). What is the greatest common divisor of a and r?
14
Let r(p) = 5*p**2 + 252*p - 6. Let m be r(-51). What is the greatest common factor of 6 and m?
3
Suppose 0 = -56*c + 284*c - 4332. Let k(a) = 57*a**2 + a - 1. Let s be k(1). Calculate the highest common factor of c and s.
19
Let j be 15740/45 - 2/(-9). Let g(n) = n**3 + 2*n**2 - 122*n - 521. Let d be g(-5). What is the highest common factor of j and d?
14
Suppose 9*z = -17*z + 702. Calculate the greatest common divisor of z and 27.
27
Suppose 5*h - 3*m = 4, 3*h + 0*h - 3*m = 0. Let c(d) = -6 + 6 + 2*d + 153*d**h - 1. Let z be c(1). What is the greatest common divisor of z and 22?
22
Let v(r) = -2*r**3 + 113*r**2 - 389*r + 969. Let k be v(53). Suppose 13 = l + h - 14, -5*h + 10 = 0. What is the highest common divisor of l and k?
5
Let v(q) = -3*q + 36. Let t = 69 - 56. Let x be v(t). Let m(n) = -n**2 - 2*n + 4. Let d be m(x). Calculate the highest common factor of 13 and d.
1
Let j be (-129456)/(-528) + (-2)/11. Let u = j + -231. What is the greatest common divisor of 7 and u?
7
Suppose 10698 = 20*g - 7222. Calculate the highest common factor of g and 1736.
56
Suppose 6*g + 8 = 74. Let k be -62 - (1*-5 - (7 - g)). Let i = k + 72. Calculate the highest common divisor of i and 1.
1
Suppose 0 = 2*u - 23*u + 63. Suppose -3*d = 4*b - 5*d - 192, -u*d = -5*b + 239. Calculate the highest common divisor of 98 and b.
49
Let o(w) be the third derivative of 2*w**5/15 + 11*w**4/12 - 17*w**3/2 + 57*w**2. Let x be o(4). Calculate the greatest common divisor of 45 and x.
15
Let l = -79 + 188. Let a = 186 - l. Suppose 10*m - 55 = 5*m. What is the highest common factor of m and a?
11
Suppose -3*f + 4*y = -968, 0 = 3*f + 5*y - y - 952. Let n(p) = -p**2 - 29*p + 128. Let l be n(0). Calculate the highest common divisor of l and f.
64
Suppose 5*l - 31 = 59. Suppose -5*t + l = 4*t. Suppose 4*d - 109 = 3*g, -5*d - g + 85 = -t*d. Calculate the greatest common factor of d and 70.
14
Let t(l) = 7*l**2 - l. Let w be t(-2). Suppose 758*d + 19305 = 278*d + 251*d + 372*d. Calculate the greatest common factor of d and w.
15
Let j(k) = k**3 + 17*k**2 + 15*k - 6. Let g(t) = 7*t - 30 + 4*t - 12*t. Let f be g(-14). Let r be j(f). Calculate the greatest common factor of r and 50.
10
Suppose 0 = -r + 32 + 27. Let c be ((-177)/2)/((-183)/854). Calculate the highest common factor of c and r.
59
Let z(d) = -4*d**2 - 18*d - 16. Let t be z(-10). Let k = 78 + t. Let h = 350 + k. Calculate the highest common divisor of 12 and h.
12
Suppose 29 + 0 = 5*v + j, v - 11 = 5*j. Suppose -s + 19 = m, 5*s - 2*m - 95 = -v*m. Calculate the highest common divisor of 513 and s.
19
Let c(p) = p**3 + 40*p**2 + 73*p - 135. Let a be c(-38). Let b = -183 + 384. Let m = b + a. Calculate the highest common factor of 10 and m.
10
Let q be 1600/(-24)*1/((-4)/9). Suppose -q = -11*s - 40. What is the highest common divisor of 6 and s?
2
Let u(s) = -13*s + 25. Let x be u(-6). Let q = -78 + x. What is the greatest common divisor of 100 and q?
25
Let z be 2 + 4/6*177. Let s = -73 + 122. Suppose s = 11*i - 116. What is the greatest common factor of i and z?
15
Suppose -3*i - 5*h + 47 = 0, -2*h + 7*h = 2*i + 2. Let s = -2053 - -2056. Calculate the greatest common factor of s and i.
3
Suppose -4*q = 134 - 390. Suppose 5*a + 4*a - 144 = 0. Calculate the greatest common divisor of q and a.
16
Let r(d) be the third derivative of d**5/30 + 7*d**4/24 - 2*d**2